**3 - 6*f**2 - 5*f - 6. Let k(w) = w**2 + 6*w + 3. Let g(p) = 19*p**2 + 1. Let x be g(-1). Suppose 4*l + l + x = 0. Let c be k(l). Calculate q(c).
-6
Suppose 4 = -5*m - 1. Let y(n) = -4*n**2 + 1. What is y(m)?
-3
Let k(p) = -20*p**3 - 29*p**2 + 38*p + 32. Let m(a) = 7*a**3 + 10*a**2 - 13*a - 11. Let c(z) = 6*k(z) + 17*m(z). Calculate c(-5).
-5
Let r(l) = -l**3 + 10*l**2 - 10*l + 4. Let a(p) = -p**2 + 11*p - 19. Let s be a(7). Determine r(s).
-5
Let z(t) = -t**2 + 5*t + 7. Let f(n) = -n**2 + 4*n + 6. Let q(s) = 6*f(s) - 5*z(s). Suppose w - 5*w - 8 = 0. Calculate q(w).
-1
Let k(m) = m - 6. Suppose b = 5*b - 12. Suppose -4*r + 3*l = -26, 2*r - 18 = 7*l - b*l. Give k(r).
-1
Let s(o) be the third derivative of 0*o - 4*o**2 + 1/24*o**4 + 0*o**3 + 0. Determine s(1).
1
Let v be (0/(-4))/(1/(-1)). Suppose 2*z - 4 = v, 2*s - z - 9 = -1. Let l(c) be the third derivative of -c**5/60 + c**4/6 + c**3 + 2*c**2. Determine l(s).
1
Let w(n) = -2*n. Let t be w(2). Let b be (-2)/4*(2 + t). Let j(k) = 4*k**3 + k**2 - k + 1. Determine j(b).
5
Let q(i) be the first derivative of -2 + i**2 + 4 + 3. What is q(2)?
4
Let y(n) = n**2 + 1. Let d be y(1). Let c(t) = 2*t + 3 - 10*t**2 + 0*t + 9*t**d. Determine c(5).
-12
Let u be (5 - 1)*3/(-2). Suppose o - 16 = 5*o. Let w = o - u. Let f(x) = -4*x. Calculate f(w).
-8
Let k(l) = -l**3 + 3*l**2 - 9*l - 4. Let m(g) = g**3 - 2*g**2 + 8*g + 4. Let f(x) = -5*k(x) - 6*m(x). Give f(-3).
5
Let p(j) = -2*j - 2. Let q be 7/((-42)/8)*3. What is p(q)?
6
Let g = -179 + 176. Let n(b) = -2*b**3 - 4*b**2 - b - 3. Determine n(g).
18
Let w(c) = -22*c**2 + c - 1. Suppose 3*q = -4*q + 7. Calculate w(q).
-22
Let g(d) = -d**2 - 8*d. Let q(h) = h. Let n(t) = -g(t) - 6*q(t). Determine n(-3).
3
Suppose 4*b - 4 = -4*s, 2*s - s - 10 = -4*b. Suppose 0 = -b*a + 3*l - 33, -4*l = -2*a - a - 36. Let x be a/(-6) - (-4)/6. Let m(d) = 4*d - 2. Give m(x).
6
Let h(z) = z**2 - 5*z + 3. Let w(n) = -n + 3. Let r(b) = b**2 + 7*b + 9. Let i be r(-6). Let v be w(i). Let j be v - (-1 - (-1 + 2)). Give h(j).
-3
Let o(f) = -f**2 + 10*f + 4. Let l(y) = y**2 - 9*y - 4. Let q(n) = -6*l(n) - 5*o(n). Let k = 16 - 25. Let t = 15 + k. Determine q(t).
-8
Let w(a) be the first derivative of -a - a**3 - 2 + 3/2*a**2. Let i(t) be the first derivative of w(t). What is i(2)?
-9
Let i(j) = -j**3 - 2*j**2 - 2*j - 3. Suppose -o - 3*o = 0. Let r = -2 - o. What is i(r)?
1
Let r(c) be the first derivative of c**2/2 - 7*c - 9. Give r(-5).
-12
Let d(k) = k**2 + 2*k + 1. Let w(y) = -2*y**2 - 2*y - 1. Let q(o) = 5*d(o) + 4*w(o). What is q(-1)?
-4
Let o(b) = 3*b**2. Let c be o(-1). Suppose 5*a + 2*d - 28 = -2*d, -5*a - c*d + 26 = 0. Let i(u) = u - 8. Calculate i(a).
-4
Let f(k) = 3*k. Suppose 5*v + 2*u = -36, -38 = 4*v + 3*u - 5. Let c be (5/(-10))/(3/v). Calculate f(c).
3
Let d(l) be the first derivative of -l**3/3 - 3*l**2 - 4*l + 2. Let a(r) = r**3 - 3*r**2 - 2*r + 3. Let t be a(3). What is d(t)?
5
Let l = -15 + 22. Let p(f) = -f. Calculate p(l).
-7
Let c(g) be the first derivative of g**2/2 - 8*g + 4. Let h be c(6). Let d(x) = x + 2. Give d(h).
0
Let t(f) be the second derivative of -f**4/12 + f**3/6 + 5*f**2 + 7*f. Determine t(0).
10
Let q(b) = b**2 + 4*b + 2. Let a be q(-4). Let k(o) = -2*o**a + 2*o**3 + 2 + 3*o - 5 - o**3. Suppose -4*f = f - 10. What is k(f)?
3
Let u be -3 - (2 + (-11 - 0)). Let r(l) = -7*l**3 - 6*l**2 - l - 2. Let k(t) = 13*t**3 + 12*t**2 + 3*t + 4. Let a(f) = u*k(f) + 11*r(f). Determine a(-5).
-8
Let a(u) = -3*u**3 + 2*u**2 - 6*u + 11. Let d(b) = -b**3 + b**2 - 3*b + 5. Let l(h) = -2*a(h) + 5*d(h). Determine l(-3).
-6
Let u(k) be the third derivative of -k**4/24 - 7*k**2. What is u(-6)?
6
Let c be -2*1/(2/1). Let g(b) be the first derivative of -b**6/15 - b**5/60 + b**2 - 3. Let s(y) be the second derivative of g(y). What is s(c)?
7
Suppose -4*g = -2*h + 2, -g = 2*g - 5*h + 19. Let p(m) = 3 + 10*m - 14*m - m**2 - g. What is p(-2)?
5
Suppose -4*l - 26 = -5*h, 2*h = 3*l - l + 10. Let i(k) = -3*k - h + 2 + k**2 - 1 + k. Give i(5).
10
Suppose 2*k = 8 + 20. Suppose 0 = r + k - 6. Let z(d) = d**3 + 9*d**2 + 7*d - 8. Calculate z(r).
0
Let h = -9 - -20. Let w be (-2)/h - 40/22. Let v(d) = d**2 + d - 1. Calculate v(w).
1
Suppose -5*u = -8*h + 3*h + 5, -u - 10 = -4*h. Let r(x) = -17*x**h - x + 16*x**3 + 4*x**2 - x**2. Calculate r(2).
2
Let m(f) = -2*f - 17 - 2*f - 3*f - 5*f**2 + 7. Let t(a) = 9*a**2 + 14*a + 19. Let o(j) = -7*m(j) - 4*t(j). Give o(-4).
6
Let f(d) = -12*d**2 + 2*d - 1. Let p be 4/5*(-5 + 0). Let h be p/(-6)*(-15)/(-10). What is f(h)?
-11
Let i(o) = 4*o**2 - 2*o - 1. Let n be ((-12)/(-9))/((-6)/(-9)). Suppose n*l = 6 - 2. Give i(l).
11
Let j(n) = 10*n - 6. Let c(i) = 5*i - 3. Let f(r) = -5*c(r) + 3*j(r). Let d be f(3). Let s(w) = 0*w - d - 2*w + 8 + w**2. Calculate s(4).
4
Let b be 430/(-60) + (-2)/(-12). Let g(p) = p + 3. Let i be g(b). Let o(c) = -c**2 - 4*c - 3. Calculate o(i).
-3
Let u(k) = k**2 - 5*k + 2. Let s = -4 - -4. Suppose -d + 4*m + 15 = -s*m, -6 = -3*d - m. Calculate u(d).
-4
Let v(w) be the second derivative of -w**5/60 + w**4/8 + w**3 + 5*w**2/2 - 2*w. Let a(h) be the first derivative of v(h). Calculate a(5).
-4
Let q(z) = -45 + z + 40 - 45*z**2 + z**3 + 44*z**2. Calculate q(0).
-5
Suppose -3*n + 5*n + 2*o + 2 = 0, -4*o = -5*n + 4. Let d = n + 3. Let l(f) = 5*f**2 - f**d + 10*f - 2*f**2 - 6*f + 4. What is l(4)?
4
Let b(s) = s**2. Let j(t) = t**3 - 9*t**2 - 3*t + 6. Let d(w) = 5*b(w) + j(w). Suppose -5*u + 20 + 0 = 0. Give d(u).
-6
Let o(g) = -g**3 + 4*g**2 + g - 1. Let c = -184 + 186. Calculate o(c).
9
Let u(s) = 2*s - 24. Let c be u(10). Let v(k) = -k. Let r be (-2 - -1)/(-2 + 1). Let g(d) = 2*d + 1. Let z(q) = r*g(q) + v(q). What is z(c)?
-3
Let i(v) = v**2 - v + 1. Suppose -4*u + q = 11, q + 1 = -5*u - 6. What is i(u)?
7
Suppose 15 = 2*i + 3*i. Suppose -i*c - 8 = -c. Let a(v) = v**2 + 5*v. Determine a(c).
-4
Let m(g) be the third derivative of -g**5/30 + 5*g**4/24 + 2*g**3/3 - 3*g**2. Calculate m(4).
-8
Let s(w) be the second derivative of 1/3*w**3 - 2*w**2 + 0 + w. Calculate s(3).
2
Let p(c) = -5*c**2 + 1. Let a(b) = b**2 + 6*b + 3. Let j be a(-7). Let z = j - 6. Suppose z*t - 5 = -1. What is p(t)?
-4
Let z(l) = l**2 + l - 5. Let w(x) = x**2 + x - 4. Let y(i) = 4*w(i) - 3*z(i). Let a(u) be the first derivative of y(u). Calculate a(2).
5
Let c = -3 - 2. Let q(a) be the second derivative of -2*a**2 + 1/12*a**4 - 3*a + 2/3*a**3 + 0. What is q(c)?
1
Let g(l) = l**3 - 5*l**2 + 2*l + 4. Suppose -p + 4*q = 12, 0 = -4*p - 4*q + 17 + 15. What is g(p)?
-4
Let o(h) be the first derivative of 4 + 2*h**2 - 2*h - 8 - 3*h**2 + 0*h**2. Give o(-5).
8
Let i(r) be the first derivative of r**4/4 + 5*r**3/3 + 5*r**2/2 + 5*r - 1. Let t be 5 + (-3)/(3/2). Let x be t*(2 + (-10)/3). What is i(x)?
1
Let g be (0 + 0)/(2 - 0). Let f(l) = -3*l - l**3 + 5*l**2 + 3*l + 0*l**2 - 10 - 6*l**2. Determine f(g).
-10
Let f(z) = z**3 + 5*z**2 + 5*z - 5. Let m(l) = -l**3 - 5*l**2 - 6*l + 6. Let n(b) = 6*f(b) + 5*m(b). Give n(-4).
16
Let m(v) be the third derivative of v**4/12 + 4*v**2. Let a = -21 + 18. Give m(a).
-6
Let d(w) = -w**3 + 2*w**2 + 5*w - 2. Let t be d(3). Let x = 38 - 19. Suppose 25 = -7*j + 2*j, -3*j - x = t*p. Let r(f) = 6*f - 1. What is r(p)?
-7
Let l(v) = v**2 + 4*v - 4. Let y(i) = -i**3 + 3*i**2 - 2*i + 2. Suppose 13 = 4*m + 1. Let c be y(m). Determine l(c).
-4
Let x = -2 - -2. Suppose 2*u = u + 5. Let q(i) = 9 + 0*i - 4*i + u*i. Determine q(x).
9
Let n(a) be the third derivative of a**6/120 + a**5/15 - a**4/4 - 5*a**3/6 + 2*a**2. Let c = 2 - 7. Determine n(c).
0
Let k(h) = -h**3 + h**2 + 2*h - 3. Let i = -16 + 18. What is k(i)?
-3
Let y(l) = -3*l + 3. Let q(z) = -7*z + 6. Let n(a) = 4*q(a) - 7*y(a). What is n(-4)?
31
Suppose 0*g - 4*g = -8. Let a(v) = -2*v**3 + 2*v**2. Determine a(g).
-8
Let h = 4 - 7. Let q be (-1)/(2 + h) - -2. Suppose 4*s = 2*s - 3*p + 17, 5*s = q*p + 11. Let y(o) = -o**3 + 4*o**2 - o. Calculate y(s).
-4
Let u(v) = v**3 + 3. Let z be 0*((1 - 1) + -1). Determine u(z).
3
Let t(n) = n + 5. Let o be t(-6). Let d(k) be the second derivative of k**5/10 + k**4/12 + k**3/3 + k**2/2 + k. Calculate d(o).
-2
Let z(b) = b**3 - 3*b**2 + 3*b. Let j be z(2). Let n(r) = 4*r - r**2 - r - 1 + 0 + j*r. Give n(5).
-1
Let t(c) = c**3 + c**2 + 2*c - 6. Let n be 